at is the highest common divisor of 945872 and 496?
496
What is the greatest common factor of 1357 and 15824?
23
Calculate the highest common factor of 11152 and 42517.
697
Calculate the highest common divisor of 508 and 124841.
127
Calculate the greatest common divisor of 97544 and 1068.
356
Calculate the highest common divisor of 42513 and 37.
37
What is the greatest common factor of 482 and 62?
2
Calculate the greatest common factor of 9250587 and 171.
171
Calculate the greatest common divisor of 582020 and 36.
4
Calculate the greatest common factor of 11 and 751641.
11
What is the highest common divisor of 316503 and 1656?
207
What is the highest common factor of 11 and 2657?
1
Calculate the greatest common divisor of 320 and 112720.
80
What is the greatest common factor of 174 and 16472?
58
Calculate the greatest common factor of 70 and 16030.
70
What is the highest common factor of 67035 and 820?
205
What is the highest common factor of 275 and 293975?
275
What is the highest common factor of 86073 and 78?
39
What is the highest common factor of 21274 and 275?
11
What is the highest common divisor of 10560 and 3465?
165
Calculate the greatest common divisor of 690 and 30774.
138
Calculate the highest common factor of 2550004 and 2487.
829
What is the greatest common factor of 6 and 1539?
3
Calculate the highest common factor of 28 and 206626.
14
What is the highest common divisor of 1448 and 274396?
724
Calculate the highest common factor of 8319 and 4324.
47
Calculate the greatest common factor of 88 and 1710808.
88
Calculate the greatest common factor of 5080 and 88.
8
Calculate the greatest common factor of 3515 and 95.
95
What is the highest common divisor of 66881 and 235?
47
Calculate the greatest common factor of 552288 and 864.
96
What is the greatest common divisor of 26 and 506909?
13
What is the highest common factor of 765 and 23120?
85
Calculate the highest common factor of 92 and 2369.
23
Calculate the highest common factor of 174 and 9483.
87
What is the greatest common divisor of 72 and 549?
9
What is the highest common divisor of 632035 and 855?
95
Calculate the highest common factor of 94424 and 58.
58
What is the highest common factor of 215 and 1013?
1
What is the highest common factor of 696 and 297608?
8
What is the greatest common factor of 132 and 205788?
132
Calculate the greatest common factor of 3037972 and 28.
28
What is the greatest common factor of 1055922 and 84?
42
What is the highest common factor of 5907 and 5511?
33
Calculate the highest common divisor of 205712 and 946.
86
Calculate the highest common factor of 36 and 6825564.
36
What is the highest common divisor of 109780 and 1320?
220
What is the greatest common factor of 349 and 19953028?
349
What is the highest common factor of 13090 and 330?
110
What is the greatest common factor of 52 and 40417?
13
What is the greatest common factor of 2279018 and 2?
2
What is the greatest common divisor of 19229 and 984?
41
Calculate the greatest common factor of 64183 and 1384.
173
What is the greatest common factor of 593330 and 10?
10
Calculate the greatest common factor of 348 and 14064.
12
Calculate the greatest common factor of 14214 and 690.
138
What is the highest common divisor of 142584 and 84?
12
What is the greatest common divisor of 288 and 250?
2
What is the greatest common divisor of 1340 and 1000?
20
What is the greatest common factor of 25967 and 115158?
1129
Calculate the greatest common factor of 371 and 477.
53
What is the greatest common divisor of 34 and 3104387?
17
Calculate the greatest common factor of 948020 and 642.
214
Calculate the greatest common factor of 2516946 and 12.
6
Calculate the highest common divisor of 61 and 120353.
61
What is the greatest common factor of 200050 and 550?
50
What is the highest common divisor of 22 and 2396174?
22
What is the greatest common divisor of 941970 and 306?
102
Calculate the greatest common factor of 674496 and 9792.
576
What is the highest common divisor of 34 and 125137?
17
What is the highest common divisor of 93727 and 19?
19
Calculate the highest common divisor of 32 and 109472.
32
What is the greatest common factor of 6810 and 150?
30
What is the highest common divisor of 4556 and 109412?
68
Calculate the greatest common divisor of 1045 and 5795.
95
What is the greatest common divisor of 1568 and 19796?
196
What is the highest common divisor of 108 and 152739?
27
What is the highest common divisor of 3650 and 4672?
146
Calculate the highest common divisor of 1035 and 88780.
115
Calculate the greatest common divisor of 1572 and 179601.
393
Calculate the greatest common divisor of 150 and 16518.
6
Calculate the greatest common factor of 81440 and 3563.
509
Calculate the highest common divisor of 122759 and 266.
133
Calculate the greatest common divisor of 93860 and 228.
76
Calculate the highest common divisor of 5 and 2009315.
5
Calculate the highest common factor of 52 and 3159832.
52
What is the highest common factor of 915965 and 2320?
145
Calculate the highest common divisor of 84802 and 3270.
218
What is the greatest common divisor of 8498 and 8274?
14
What is the greatest common factor of 1092510 and 1592?
398
What is the highest common divisor of 2000 and 30896?
16
Calculate the greatest common divisor of 1605 and 3945.
15
Calculate the highest common factor of 3 and 719571.
3
What is the greatest common factor of 10 and 6830?
10
What is the highest common factor of 92 and 359375?
23
Calculate the highest common divisor of 18657 and 99.
9
Calculate the greatest common factor of 64 and 414272.
64
What is the greatest common factor of 19670 and 70?
70
What is the highest common factor of 182 and 34229?
13
Calculate the greatest common divisor of 104 and 26576.
8
Calculate the highest common factor of 10654353 and 1233.
1233
Calculate the highest common divisor of 384 and 57192.
24
What is the highest common divisor of 115025 and 100?
25
What is the greatest common divisor of 172289 and 14326?
377
Calculate the highest common divisor of 10593 and 321.
321
What is the highest common factor of 142 and 1077922?
142
What is the highest common divisor of 7463 and 136?
17
Calculate the highest common factor of 92 and 513958.
46
What is the highest common divisor of 39430 and 890?
10
Calculate the greatest common factor of 6739700 and 550.
550
Calculate the highest common factor of 36651 and 399.
57
Calculate the highest common factor of 190448 and 40.
8
What is the greatest common divisor of 390 and 144456?
78
What is the highest common divisor of 9632 and 27454?
14
Calculate the highest common factor of 1816500 and 175.
175
What is the greatest common factor of 1713 and 1489739?
571
Calculate the highest common factor of 86372 and 715.
143
Calculate the greatest common factor of 35 and 11669.
7
What is the greatest common factor of 451005 and 36915?
1605
What is the highest common divisor of 44517 and 9?
3
What is the greatest common factor of 2332 and 130064?
44
What is the greatest common factor of 1 and 2003?
1
Calculate the greatest common factor of 916320 and 8.
8
What is the highest common divisor of 152 and 708833?
19
What is the greatest common factor of 15150 and 1111?
101
Calculate the highest common divisor of 1150 and 8280.
230
What is the greatest common divisor of 828 and 705180?
276
Calculate the highest common factor of 11520 and 24000.
960
What is the highest common factor of 3942 and 7373?
73
What is the highest common factor of 1264 and 166400?
16
Calculate the greatest common factor of 3435 and 198543.
687
What is the greatest common factor of 863040 and 480?
480
What is the highest common divisor of 276 and 17848?
92
What is the greatest common factor of 1513482 and 790?
158
What is the greatest common divisor of 598 and 5005559?
299
What is the greatest common factor of 1581 and 474827?
527
Calculate the greatest common factor of 17582 and 4768.
298
What is the highest common divisor of 46389 and 423?
141
What is the highest common factor of 1600 and 3775?
25
Calculate the greatest common factor of 783 and 7453.
29
Calculate the greatest common divisor of 8555 and 21653.
59
Calculate the highest common divisor of 2026270 and 10.
10
What is the highest common fact